ber?
True
Is 525809 prime?
True
Is 14335637 prime?
False
Is 12961003 a composite number?
True
Is 4386919 prime?
True
Is 3878962 a prime number?
False
Is 77572249 composite?
False
Is 470738 a composite number?
True
Is 2023466 prime?
False
Is 1335973 a composite number?
True
Is 3491533 a prime number?
True
Is 114491 a prime number?
False
Is 97495483 a prime number?
True
Is 198541857 a prime number?
False
Is 727939 prime?
True
Is 2563922 a composite number?
True
Is 2774719 a prime number?
True
Is 2422949 composite?
False
Is 33498317 a composite number?
False
Is 14827949 a composite number?
False
Is 9047811 a composite number?
True
Is 52361 prime?
True
Is 1916679 a composite number?
True
Is 1724381 prime?
False
Is 27899353 prime?
False
Is 785361145 composite?
True
Is 18698313 composite?
True
Is 16340873 a composite number?
True
Is 1908509 prime?
False
Is 544194091 a composite number?
True
Is 22582333 a composite number?
True
Is 2695195 prime?
False
Is 33426409 composite?
True
Is 45010817 composite?
True
Is 2364857 prime?
False
Is 242328701 composite?
True
Is 5178133 a prime number?
True
Is 408607 prime?
True
Is 251281 a composite number?
True
Is 1585093 prime?
True
Is 1564237 prime?
True
Is 79579 prime?
True
Is 48456563 a prime number?
False
Is 1391103061 composite?
False
Is 512819 composite?
False
Is 29022083 prime?
False
Is 12353683 composite?
True
Is 228303983 a prime number?
False
Is 415319 a prime number?
True
Is 117287537 prime?
True
Is 235101 prime?
False
Is 10131869 a prime number?
False
Is 58908001 prime?
False
Is 49343257 a composite number?
True
Is 1099367 prime?
False
Is 5691403 prime?
True
Is 1445117 a prime number?
True
Is 114301 prime?
False
Is 156186233 composite?
True
Is 2906851 a prime number?
True
Is 1173803 composite?
False
Is 23738269 composite?
True
Is 82183813 prime?
True
Is 9595783 composite?
False
Is 269652259 a composite number?
False
Is 129148553 a prime number?
True
Is 55441574 a prime number?
False
Is 3678053 a composite number?
False
Is 62101009 a prime number?
True
Is 119473741 a composite number?
True
Is 150890177 a composite number?
False
Is 217778909 a composite number?
False
Is 107687491 composite?
True
Is 4388653 a composite number?
True
Is 33398483 prime?
True
Is 2216401 a composite number?
True
Is 2945117 a composite number?
True
Is 20018069 prime?
True
Is 1072217 a prime number?
False
Is 21857243 a composite number?
True
Is 410669837 prime?
True
Is 3663991 a composite number?
True
Is 137518501 a prime number?
False
Is 352237211 a prime number?
True
Is 4556557 composite?
False
Is 151094629 a prime number?
False
Is 119364941 prime?
True
Is 56262559 prime?
True
Is 3133699 a prime number?
True
Is 3145801 prime?
True
Is 2950963 composite?
False
Is 35249857 composite?
True
Is 63045301 prime?
False
Is 17447279 a prime number?
False
Is 976907 a composite number?
True
Is 71633 composite?
False
Is 4116143 composite?
False
Is 9409399 prime?
False
Is 153655859 prime?
False
Is 9352793 a composite number?
True
Is 1535837567 a prime number?
False
Is 55227215 a prime number?
False
Is 164828207 composite?
True
Is 8381627 a composite number?
False
Is 10793681 a prime number?
False
Is 30658621 a composite number?
True
Is 58464223 composite?
False
Is 278737369 a composite number?
True
Is 1180360651 a composite number?
True
Is 9473087 prime?
False
Is 711835599 a prime number?
False
Is 3025069 a prime number?
True
Is 141535679 prime?
False
Is 116347265 composite?
True
Is 139142917 a prime number?
False
Is 38047211 a composite number?
True
Is 53814341 a composite number?
True
Is 34847381 a composite number?
True
Is 82882909 composite?
False
Is 12281453 a composite number?
False
Is 103953991 composite?
True
Is 64997347 composite?
True
Is 4380361 a prime number?
True
Is 303244999 composite?
False
Is 597823 a composite number?
False
Is 3587897 a prime number?
False
Is 25432609 a composite number?
False
Is 597637 composite?
False
Is 21187297 a composite number?
True
Is 56052083 a composite number?
True
Is 51228965 a prime number?
False
Is 4311983 a prime number?
False
Is 25617389 prime?
False
Is 11688073 a composite number?
True
Is 47318743 a composite number?
False
Is 2214799 a composite number?
True
Is 1152337 prime?
True
Is 28941773 composite?
True
Is 67153027 a prime number?
True
Is 92087761 composite?
False
Is 13598467 a composite number?
False
Is 1793417 a prime number?
True
Is 117251293 composite?
True
Is 160120139 prime?
False
Is 1197571 composite?
False
Is 712073 a prime number?
False
Is 54512135 a prime number?
False
Is 2367119 a composite number?
False
Is 5720209 composite?
True
Is 3092237 prime?
True
Is 6094213 prime?
True
Is 404633 a composite number?
True
Is 498935 prime?
False
Is 142376307 composite?
True
Is 19216199 prime?
True
Is 20189983 a prime number?
False
Is 24784343 a composite number?
False
Is 2907631 prime?
True
Is 393847 prime?
True
Is 508339 a composite number?
True
Is 41468549 prime?
False
Is 23080831 composite?
True
Is 6211741 a composite number?
True
Is 25538501 a prime number?
True
Is 127540429 a prime number?
True
Is 3404411 a prime number?
False
Is 21137971 a prime number?
False
Is 135075371 composite?
False
Is 1910327 a composite number?
True
Is 2590901 composite?
True
Is 38418101 a prime number?
True
Is 602099 prime?
True
Is 218752841 a composite number?
False
Is 1246939 composite?
True
Is 18738757 composite?
False
Is 20873477 prime?
False
Is 16374161 a composite number?
False
Is 267262 prime?
False
Is 5723077 composite?
False
Is 58883009 composite?
False
Is 1658647 a composite number?
True
Is 535531 prime?
False
Is 31419677 a prime number?
True
Is 7392049 composite?
True
Is 6262669 prime?
False
Is 87050441 a composite number?
False
Is 59917027 composite?
True
Is 142053913 composite?
False
Is 120357507 a composite number?
True
Is 22598747 composite?
False
Is 191156423 composite?
True
Is 11848679 composite?
False
Is 2976145 prime?
False
Is 72780047 composite?
False
Is 3329477 prime?
True
Is 334283 a composite number?
True
Is 2422009 a composite number?
True
Is 6934091 prime?
True
Is 7518793 a prime number?
False
Is 38474831 prime?
False
Is 835573 a composite number?
True
Is 8632243 a composite number?
True
Is 14989627 prime?
True
Is 25242149 composite?
True
Is 2347777 prime?
True
Is 577223 prime?
False
Is 6331001 prime?
True
Is 18464767 a composite number?
False
Is 625753 a composite number?
True
Is 2795677 prime?
True
Is 139429743 prime?
False
Is 1313407 a prime number?
False
Is 49377017 a composite number?
True
Is 476741938 prime?
False
Is 31111091 composite?
True
Is 2951933 composite?
False
Is 2846185 a composite number?
True
Is 1001369 prime?
True
Is 65708131 a composite number?
True
Is 1062705431 a composite number?
False
Is 532601 a prime number?
True
Is 4799551 composite?
False
Is 33408083 a prime number?
False
Is 73391627 composite?
False
Is 96561973 prime?
False
Is 47737 composite?
False
Is 418370369 prime?
True
Is 5220031 a prime number?
True
Is 13582237 composite?
True
Is 3420377 a prime number?
False
Is 28316021 composite?
False
Is 6509369 composite?
True
Is 3125867 a composite number?
False
Is 20315231 composite?
True
Is 14998007 a composite number?
False
Is 81495861 a prime number?
False
Is 243443 a prime number?
False
Is 7122781 composite?
False
Is 90599 prime?
True
Is 170018111 a composite number?
False
Is 124427 a composite number?
False
Is 2251591 a prime number?
True
Is 390522403 composite?
False
Is 61671017 prime?
False
Is 76198841 composite?
True
Is 58535593 a prime number?
True
Is 150361021 prime?
True
Is 35096719 a prime number?
False
Is 10691393 a prime number?
False
Is 15164693 composite?
True
Is 14485407 composite?
True
Is 149618837 a prime number?
True
Is 36162257 a prime number?
False
Is 1015123 composite?
False
Is 1256097 a prime number?
False
Is 10930633 a prime number?
False
Is 3283807 a composite number?
False
Is 65431763 a composite number?
True
Is 1432055 a composite number?
True
Is 83240777 a prime number?
True
Is 4015619 composite?
False
Is 30964451 composite?
True
Is 106312623 a prime number?
False
Is 2264033 a prime number?
False
Is 18596141 composite?
False
Is 235562959 a prime number?
True
Is 102889399 a prime number?
True
Is 111306571 a composite number?
Fa